 - 3*m**2 - 12*m + 7. Suppose 0 = 3*f - 15. Let t be c(f). Is q(t) a composite number?
False
Suppose -y + 0*d + 1394 = 5*d, -2*d - 2 = 0. Let h = y - -162. Is h a prime number?
False
Suppose -35*w = 6*w - 1320897. Is w a prime number?
False
Suppose q = 4*k - 35034, -3*q - 3*k - 182502 = -77325. Let y = -19099 - q. Is y a prime number?
False
Let a = 86275 - 36167. Is -4 + (-8)/(-32)*a a prime number?
False
Let m = -23194 + 7298. Let h = 9957 - m. Is h a composite number?
True
Suppose -8 = 13*i - 15*i. Suppose 35 = 3*r - 4*p - 21, -i*p = 20. Suppose -5322 = -r*a + 6*a. Is a composite?
False
Let m(k) = -5*k**2 + 5*k**3 + 8 - 494*k + 504*k - 6*k**2. Let c be m(8). Let z = 3059 - c. Is z a composite number?
True
Let b(p) = 2575*p**2 - 192*p - 13. Is b(18) prime?
False
Let r(g) = -g**2 + 1. Let l(w) = -1043*w**3 + 4*w**2 + w - 4. Let u(k) = l(k) + 5*r(k). Let s be u(-1). Suppose -15*n = -13*n - s. Is n a prime number?
True
Suppose 0 = 5*t - 0*t - d - 8, -5*t = 4*d + 7. Let z be 0/(t - -2) - -4. Suppose b - z*f = 5*b - 2704, -5*b - 4*f = -3381. Is b prime?
True
Suppose 2 = -6*k + 14. Let c be 4 - (k - (578 + 0)). Suppose 3*l - l - 145 = -t, -l + c = 4*t. Is t composite?
True
Let l be 2*((-6)/2 - -4). Suppose l*c - 4*w = 2774, -5583 = 11*c - 15*c + w. Is c a prime number?
False
Suppose 124*q = 129*q - 10105. Let m = q - 870. Is m a composite number?
False
Let g(j) = -1302*j**3 - 3*j**2 + 5*j. Let h be g(2). Is 45/6 + -7 - h/4 a composite number?
True
Let v(c) = 10*c**2 + 127*c - 445. Is v(52) a prime number?
True
Let w(n) be the third derivative of -n**6/120 + 7*n**5/30 - n**4/3 + 3*n**3/2 - 5*n**2 + 32. Is w(-10) prime?
False
Let c = 6830 + -2082. Let m = c - 621. Is m composite?
False
Let l = 1938 - -336. Suppose 10*m + l = 11*m. Is (1/(3/m))/((-8)/(-4)) a prime number?
True
Suppose -2*c = g - 5, -2*c - 10*g + 20 = -14*g. Suppose -c*o - k = -9831, -5*k + 6*k = 4*o - 9841. Is o a composite number?
False
Let j(s) = -s**3 - 22*s**2 + 72*s + 383. Is j(-42) composite?
True
Suppose -4*h + 9 + 39 = 0. Suppose 2*o - h = -o. Suppose 0 = o*n - 5*t - 5516, -3*n - 2*t = -4996 + 859. Is n a composite number?
True
Let x = -17223 - -25516. Suppose x + 25711 = 4*k. Is k a composite number?
False
Let t(u) = u**3 + 15*u**2 - 19*u - 48. Let s be t(-16). Let k(n) = -n - 4. Let q be k(-3). Is (-7)/7*(-22 + (q - s)) a composite number?
False
Let t(h) = 421*h + 11. Let f = -284 - -286. Is t(f) a prime number?
True
Let s(v) = 2*v**2 + 9*v - 2. Suppose i + 25 = -0*i - 5*d, -3*i - 19 = d. Let f be s(i). Is (-875 - -1)/(-1) + f a prime number?
True
Suppose -53 = 6*c - 785. Suppose -3369 = -125*a + c*a. Is a a composite number?
False
Suppose 0*b + 11*b + 455812 = 4275969. Is b a prime number?
True
Suppose y - 3*l - 75901 = 0, 2*l + 275789 = 3*y + 48058. Is y prime?
True
Let w(b) = b**2 - 3*b + 5. Let v be w(5). Let k(p) = 2*p - 1. Let j(x) = 57*x + 55. Let f(u) = j(u) + 3*k(u). Is f(v) composite?
False
Let c = -731311 + 1038390. Is c composite?
False
Is (15 - (-19)/(95/(-45))) + 11471 composite?
True
Suppose 0 = 2*a + 4*v - 604, -918 = -3*a - 4*v + 2*v. Let k(i) = -i**3 + 69*i**2 - 202*i + 51. Let d be k(66). Let f = a + d. Is f a prime number?
False
Let g(u) = -33*u**3 + 28*u**2 - 79*u - 111. Is g(-22) a composite number?
True
Let o(i) = 10*i**3 - 9*i**3 - 5 - 4*i**3 + 11 + 4*i**2 + 32*i. Is o(-5) a composite number?
True
Is (-211)/(-3)*(-1 - 7 - (-691699)/47) a composite number?
True
Let c = 18699 - 3556. Is c a prime number?
False
Suppose 4*j = -3*n - j + 35, 2*j + 12 = 4*n. Suppose 208 - 2078 = n*t. Is (-14242)/(-34) + (-11)/(t/4) a composite number?
False
Let h be (-9 - -20)*1 + -2. Suppose h*c - 79509 = -3306. Is c prime?
True
Let h be (-37860)/50 + -10 - 1/(-5). Let l = h - -3648. Is l composite?
True
Let o = -13513 + 113942. Is o prime?
False
Suppose -54515 = -23*b + 193839. Is b a composite number?
True
Let u(s) = s**3 - 14*s**2 - 14*s - 13. Let j be u(15). Let r be 132/36 - j/3. Suppose 0 = r*i - 5*i + 762. Is i prime?
False
Let r = -332 - -334. Is (10294/r)/((-48)/(-96)) a composite number?
True
Suppose -s + 27139 = 5*a - 9165, 0 = a - s - 7262. Is a a composite number?
True
Suppose 34005 = -19*k + 109796. Is k prime?
True
Suppose -7*p - 939 = -960. Suppose -2*r - 523 = 2*l - 1875, 4*r - 2683 = p*l. Is r a prime number?
True
Suppose 4*i = 4*t - 2*t + 364, -4*i - t = -364. Suppose -1354*z + 168 = -1347*z. Let r = i + z. Is r a prime number?
False
Suppose 0 = 3*u + 2*t - 1297, 0 = -4*t - 2 + 10. Suppose 0*q + u = -q. Let c = 622 + q. Is c a prime number?
True
Let u = -2983 + 865. Let b = u - -3655. Is b composite?
True
Let m(x) = -66*x + 1307. Is m(8) a prime number?
False
Let i = -259818 + 726071. Is i composite?
True
Let b = 49 - 71. Let c = 25 + b. Suppose 0 = -g - 3*w + 403, 2*g = w + c*w + 846. Is g a prime number?
False
Suppose -38*x + 35*x + 45 = 0. Let b(h) = -h**3 + 16*h**2 - 18*h + 48. Let z be b(x). Suppose c + 4*d = 1743, 3*c = 7*c + z*d - 6946. Is c a prime number?
False
Let q(m) = 2*m**2 + 14*m + 38. Let b be q(-9). Suppose 0 = -75*s + b*s + 1337. Is s a composite number?
True
Let a be 9/(-18) + 6/4. Let f(t) = 449*t**2 + 8*t - 8. Is f(a) composite?
False
Let b be (-104)/(-39)*2/(-8)*-3. Suppose 0 = w + w + b. Is 3 - (-3 - (0 + 101 + w)) prime?
False
Let w(t) be the second derivative of t**4/12 + 10*t**3/3 + 35*t**2/2 - 6*t. Let h be w(-18). Is (1 + -674)*(0 + h) composite?
False
Let a(o) = 778*o - 86. Is a(60) prime?
False
Suppose 47*c = 61*c - 14. Is (13854/12)/((-15)/(-10) - c) composite?
False
Let x = 278635 + -95702. Is x a composite number?
False
Let d = -7230 + 12013. Is d prime?
True
Let p(l) = -53*l**3 + 9*l**2 + 7*l + 9. Let z be p(-2). Let t(r) = -697*r**2 + 1. Let n be t(1). Let j = z - n. Is j a prime number?
True
Let v(d) = -42*d - 63. Let u be v(-9). Suppose -u*k = -316*k + 5381. Is k composite?
False
Let w = -168 + 183. Suppose 0 = -w*s - 16082 + 67547. Is s composite?
True
Let y(r) = -286*r**3 - 5*r**2 - 2*r + 133*r**3 + 3*r**2 + 2 - 210*r**3. Let s be y(-2). Suppose -2*l = -2*o - 6*l + s, 3*o + l - 4353 = 0. Is o prime?
True
Let x = 9670 + -29563. Let l = x - -8829. Let r = -6313 - l. Is r prime?
True
Let a = -1293 - -2362. Let s = 3856 - a. Is s prime?
False
Suppose -23 = -5*p - 13. Suppose 93 = f - p*u + 29, 2*f - 93 = -3*u. Suppose -f = -w + 29. Is w composite?
False
Suppose 50 = -7*k + 17*k. Suppose 7*d + 36 = -k*d. Let f(a) = -a**3 + a**2 + 3*a + 6. Is f(d) a composite number?
True
Is (-2)/5 + (0 - 1) + 442719100/2125 composite?
False
Let j be 1 + (791 + 4 - 0). Let q = -233 + j. Let z = q + -270. Is z a composite number?
False
Let y = -39351 - -149602. Is y composite?
False
Suppose -6821526 = -178*r - 1181240. Is r composite?
False
Suppose -28422 = 11*a + 18515. Let f = -189 - a. Is f prime?
False
Let j = -29 + 21. Let m(g) be the second derivative of -3*g**5/20 - 5*g**4/4 - g**3/6 + 3*g**2/2 + 3149*g. Is m(j) a composite number?
False
Suppose 1227*m = 1234*m - 7. Is 4*(-6)/(-12) + (m - -5320) composite?
False
Suppose 0 = -122*p + 124*p - 2. Suppose 9 = 5*g - 6. Suppose -4*q + g*h = -887, p = 5*h + 6. Is q prime?
False
Let r = 99 - 91. Suppose 0 = 2*s - r, -3*z + 3*s - 684 = -7*z. Let a = 463 - z. Is a composite?
True
Let g be (-4)/1*17*2. Let p be 235 + (-237 - -230)/(1/(-1 - 0)). Let j = g + p. Is j prime?
False
Let i(s) = -4*s. Let a be i(1). Let c(j) = -63*j + 10. Let m(t) = -64*t + 9. Let h(p) = a*c(p) + 5*m(p). Is h(-3) a composite number?
True
Suppose 43*t - 3655057 = -29*t + 23*t. Is t prime?
False
Suppose 23*j - 8224339 = -74*j. Is j a prime number?
True
Let x(d) = 124 - 145 - 27*d**2 + d**3 + 16*d + 26*d**2. Is x(10) a prime number?
True
Let s(f) = 2*f + 13. Let y be s(-8). Is 46 - (3/y + -6) a composite number?
False
Suppose 307109 = 12*j - 280759. Is j a prime number?
True
Let g(u) = -u**2 - 25*u + 60. Let r be g(-27). Suppose -o + 5746 = -3*q, -4*q + 5743 = o - r*q. Is o a prime number?
True
Suppose -n = f - 0*n - 3, 0 = 5*n - 15. Let t(p) = 267*p + 2 + 12 + f + 3. Is t(8) a composite number?
False
Let o(m) = -8*m**2 + 20*m. Let n(v) = 8*v**2 - 19*v. Let q(x) = 7*n(x) + 6*o(x). Is q(7) prime?
False
Let k(p) = 378715*p**2 - 9*p - 11. Is k(-1) a composite number?
False
Suppose 3*w = 2*u - 7, -w + 4*w + 6 = 3*u. Let